{"id":204,"date":"2022-05-10T13:53:28","date_gmt":"2022-05-10T13:53:28","guid":{"rendered":"https:\/\/medna.de\/?page_id=204"},"modified":"2025-10-23T18:41:40","modified_gmt":"2025-10-23T18:41:40","slug":"klangtherapie","status":"publish","type":"page","link":"https:\/\/medna.de\/?page_id=204","title":{"rendered":"Transpersonale Klangtherapie"},"content":{"rendered":"\n<p class=\"has-text-align-center\">\u201eMusik dr\u00fcckt das aus, was nicht gesagt werden kann,<br>und wor\u00fcber es unm\u00f6glich ist zu schweigen.\u201c<br>Viktor Hugo<\/p>\n\n\n\n<p>Aus verschiedenen Ans\u00e4tzen der Klantherapie, u.a. die Transpersonale Klangtherapie nach Dr. K\u00f6lbl\u00ae habe ich meinen ganz eigenen Ansatz entwickelt, innere Prozesse mit Klang zu begleiten. <\/p>\n\n\n\n<p>Kl\u00e4nge erm\u00f6glichen direkt mit dem Unterbewu\u00dften in Kontakt zu kommen, ein neues Gesp\u00fcr daf\u00fcr zu bekommen, was sich \u00e4ndern und ent-wickeln will. <\/p>\n\n\n\n<p>Die Resonanzarbeit mit Klang erm\u00f6glicht das Annehmen der eigenen Gef\u00fchle, Durchf\u00fchlen, Kl\u00e4ren und Loslassen derselben. Zum Einsatz kommen Saiteninstrumente wie die Kotamo, das Klangbett, Klangschalen, Gongs, u.v.m. Entdecken Sie sich selbst bei der Klangreise.<\/p>\n\n\n\n<figure class=\"wp-block-gallery has-nested-images columns-default is-cropped wp-block-gallery-1 is-layout-flex wp-block-gallery-is-layout-flex\">\n<figure class=\"wp-block-image size-large\"><img loading=\"lazy\" decoding=\"async\" width=\"1024\" height=\"683\" data-id=\"232\" src=\"https:\/\/medna.de\/wp-content\/uploads\/2022\/05\/IMG_0046-1024x683.jpg\" alt=\"\" class=\"wp-image-232\" srcset=\"https:\/\/medna.de\/wp-content\/uploads\/2022\/05\/IMG_0046-1024x683.jpg 1024w, https:\/\/medna.de\/wp-content\/uploads\/2022\/05\/IMG_0046-300x200.jpg 300w, https:\/\/medna.de\/wp-content\/uploads\/2022\/05\/IMG_0046-768x512.jpg 768w, https:\/\/medna.de\/wp-content\/uploads\/2022\/05\/IMG_0046-1536x1024.jpg 1536w, https:\/\/medna.de\/wp-content\/uploads\/2022\/05\/IMG_0046-2048x1365.jpg 2048w, https:\/\/medna.de\/wp-content\/uploads\/2022\/05\/IMG_0046-900x600.jpg 900w, https:\/\/medna.de\/wp-content\/uploads\/2022\/05\/IMG_0046-1280x853.jpg 1280w\" sizes=\"auto, (max-width: 1024px) 100vw, 1024px\" \/><\/figure>\n\n\n\n<figure class=\"wp-block-image size-large\"><img loading=\"lazy\" decoding=\"async\" width=\"878\" height=\"1024\" data-id=\"101\" src=\"https:\/\/medna.de\/wp-content\/uploads\/2019\/02\/portrait_tanja_rgb-878x1024.jpg\" alt=\"\" class=\"wp-image-101\" srcset=\"https:\/\/medna.de\/wp-content\/uploads\/2019\/02\/portrait_tanja_rgb-878x1024.jpg 878w, https:\/\/medna.de\/wp-content\/uploads\/2019\/02\/portrait_tanja_rgb-257x300.jpg 257w, https:\/\/medna.de\/wp-content\/uploads\/2019\/02\/portrait_tanja_rgb-768x896.jpg 768w, https:\/\/medna.de\/wp-content\/uploads\/2019\/02\/portrait_tanja_rgb-900x1050.jpg 900w, https:\/\/medna.de\/wp-content\/uploads\/2019\/02\/portrait_tanja_rgb.jpg 1051w\" sizes=\"auto, (max-width: 878px) 100vw, 878px\" \/><\/figure>\n\n\n\n<figure class=\"wp-block-image size-large\"><img loading=\"lazy\" decoding=\"async\" width=\"1024\" height=\"768\" data-id=\"233\" src=\"https:\/\/medna.de\/wp-content\/uploads\/2022\/05\/P1020264-1-1024x768.jpg\" alt=\"\" class=\"wp-image-233\" srcset=\"https:\/\/medna.de\/wp-content\/uploads\/2022\/05\/P1020264-1-1024x768.jpg 1024w, https:\/\/medna.de\/wp-content\/uploads\/2022\/05\/P1020264-1-300x225.jpg 300w, https:\/\/medna.de\/wp-content\/uploads\/2022\/05\/P1020264-1-768x576.jpg 768w, https:\/\/medna.de\/wp-content\/uploads\/2022\/05\/P1020264-1-1536x1152.jpg 1536w, https:\/\/medna.de\/wp-content\/uploads\/2022\/05\/P1020264-1-2048x1536.jpg 2048w, https:\/\/medna.de\/wp-content\/uploads\/2022\/05\/P1020264-1-900x675.jpg 900w, https:\/\/medna.de\/wp-content\/uploads\/2022\/05\/P1020264-1-1280x960.jpg 1280w\" sizes=\"auto, (max-width: 1024px) 100vw, 1024px\" \/><\/figure>\n<\/figure>\n\n\n\n<p><\/p>\n","protected":false},"excerpt":{"rendered":"<p>\u201eMusik dr\u00fcckt das aus, was nicht gesagt werden kann,und wor\u00fcber es unm\u00f6glich ist zu schweigen.\u201cViktor Hugo Aus verschiedenen Ans\u00e4tzen der Klantherapie, u.a. die Transpersonale Klangtherapie nach Dr. K\u00f6lbl\u00ae habe ich meinen ganz eigenen Ansatz entwickelt, innere Prozesse mit Klang zu begleiten. Kl\u00e4nge erm\u00f6glichen direkt mit dem Unterbewu\u00dften in Kontakt zu kommen, ein neues Gesp\u00fcr daf\u00fcr [&hellip;]<\/p>\n","protected":false},"author":1,"featured_media":0,"parent":0,"menu_order":0,"comment_status":"closed","ping_status":"closed","template":"full-width-page-template.php","meta":{"footnotes":""},"class_list":["post-204","page","type-page","status-publish","hentry"],"_links":{"self":[{"href":"https:\/\/medna.de\/index.php?rest_route=\/wp\/v2\/pages\/204","targetHints":{"allow":["GET"]}}],"collection":[{"href":"https:\/\/medna.de\/index.php?rest_route=\/wp\/v2\/pages"}],"about":[{"href":"https:\/\/medna.de\/index.php?rest_route=\/wp\/v2\/types\/page"}],"author":[{"embeddable":true,"href":"https:\/\/medna.de\/index.php?rest_route=\/wp\/v2\/users\/1"}],"replies":[{"embeddable":true,"href":"https:\/\/medna.de\/index.php?rest_route=%2Fwp%2Fv2%2Fcomments&post=204"}],"version-history":[{"count":8,"href":"https:\/\/medna.de\/index.php?rest_route=\/wp\/v2\/pages\/204\/revisions"}],"predecessor-version":[{"id":331,"href":"https:\/\/medna.de\/index.php?rest_route=\/wp\/v2\/pages\/204\/revisions\/331"}],"wp:attachment":[{"href":"https:\/\/medna.de\/index.php?rest_route=%2Fwp%2Fv2%2Fmedia&parent=204"}],"curies":[{"name":"wp","href":"https:\/\/api.w.org\/{rel}","templated":true}]}}

<p class="has-text-align-center">„Musik drückt das aus, was nicht gesagt werden kann,<br>und worüber es unmöglich ist zu schweigen.“<br>Viktor Hugo</p>



<p>Aus verschiedenen Ansätzen der Klantherapie, u.a. die Transpersonale Klangtherapie nach Dr. Kölbl® habe ich meinen ganz eigenen Ansatz entwickelt, innere Prozesse mit Klang zu begleiten. </p>



<p>Klänge ermöglichen direkt mit dem Unterbewußten in Kontakt zu kommen, ein neues Gespür dafür zu bekommen, was sich ändern und ent-wickeln will. </p>



<p>Die Resonanzarbeit mit Klang ermöglicht das Annehmen der eigenen Gefühle, Durchfühlen, Klären und Loslassen derselben. Zum Einsatz kommen Saiteninstrumente wie die Kotamo, das Klangbett, Klangschalen, Gongs, u.v.m. Entdecken Sie sich selbst bei der Klangreise.</p>



<figure class="wp-block-gallery has-nested-images columns-default is-cropped wp-block-gallery-1 is-layout-flex wp-block-gallery-is-layout-flex">
<figure class="wp-block-image size-large"><img loading="lazy" decoding="async" width="1024" height="683" data-id="232" src="https://medna.de/wp-content/uploads/2022/05/IMG_0046-1024x683.jpg" alt="" class="wp-image-232" srcset="https://medna.de/wp-content/uploads/2022/05/IMG_0046-1024x683.jpg 1024w, https://medna.de/wp-content/uploads/2022/05/IMG_0046-300x200.jpg 300w, https://medna.de/wp-content/uploads/2022/05/IMG_0046-768x512.jpg 768w, https://medna.de/wp-content/uploads/2022/05/IMG_0046-1536x1024.jpg 1536w, https://medna.de/wp-content/uploads/2022/05/IMG_0046-2048x1365.jpg 2048w, https://medna.de/wp-content/uploads/2022/05/IMG_0046-900x600.jpg 900w, https://medna.de/wp-content/uploads/2022/05/IMG_0046-1280x853.jpg 1280w" sizes="auto, (max-width: 1024px) 100vw, 1024px" /></figure>



<figure class="wp-block-image size-large"><img loading="lazy" decoding="async" width="878" height="1024" data-id="101" src="https://medna.de/wp-content/uploads/2019/02/portrait_tanja_rgb-878x1024.jpg" alt="" class="wp-image-101" srcset="https://medna.de/wp-content/uploads/2019/02/portrait_tanja_rgb-878x1024.jpg 878w, https://medna.de/wp-content/uploads/2019/02/portrait_tanja_rgb-257x300.jpg 257w, https://medna.de/wp-content/uploads/2019/02/portrait_tanja_rgb-768x896.jpg 768w, https://medna.de/wp-content/uploads/2019/02/portrait_tanja_rgb-900x1050.jpg 900w, https://medna.de/wp-content/uploads/2019/02/portrait_tanja_rgb.jpg 1051w" sizes="auto, (max-width: 878px) 100vw, 878px" /></figure>



<figure class="wp-block-image size-large"><img loading="lazy" decoding="async" width="1024" height="768" data-id="233" src="https://medna.de/wp-content/uploads/2022/05/P1020264-1-1024x768.jpg" alt="" class="wp-image-233" srcset="https://medna.de/wp-content/uploads/2022/05/P1020264-1-1024x768.jpg 1024w, https://medna.de/wp-content/uploads/2022/05/P1020264-1-300x225.jpg 300w, https://medna.de/wp-content/uploads/2022/05/P1020264-1-768x576.jpg 768w, https://medna.de/wp-content/uploads/2022/05/P1020264-1-1536x1152.jpg 1536w, https://medna.de/wp-content/uploads/2022/05/P1020264-1-2048x1536.jpg 2048w, https://medna.de/wp-content/uploads/2022/05/P1020264-1-900x675.jpg 900w, https://medna.de/wp-content/uploads/2022/05/P1020264-1-1280x960.jpg 1280w" sizes="auto, (max-width: 1024px) 100vw, 1024px" /></figure>
</figure>



<p></p>

<p>„Musik drückt das aus, was nicht gesagt werden kann,und worüber es unmöglich ist zu schweigen.“Viktor Hugo Aus verschiedenen Ansätzen der Klantherapie, u.a. die Transpersonale Klangtherapie nach Dr. Kölbl® habe ich meinen ganz eigenen Ansatz entwickelt, innere Prozesse mit Klang zu begleiten. Klänge ermöglichen direkt mit dem Unterbewußten in Kontakt zu kommen, ein neues Gespür dafür [&hellip;]</p>
