{"id":25,"date":"2018-10-02T17:57:45","date_gmt":"2018-10-02T17:57:45","guid":{"rendered":"http:\/\/medna.de\/?page_id=25"},"modified":"2025-11-20T14:49:18","modified_gmt":"2025-11-20T14:49:18","slug":"myoreflextherapie","status":"publish","type":"page","link":"https:\/\/medna.de\/?page_id=25","title":{"rendered":"Therapieangebot"},"content":{"rendered":"\n<h2 class=\"wp-block-heading\">Naturheilkundliche Verfahren in der Ganzheitlichen Medizin<\/h2>\n\n\n\n<p>Zu naturheilkundlichen Verfahren, die zur Anwendung kommen z\u00e4hlen die Ern\u00e4hrungstherapie, Ordnungstherapie z.B. im Sinne der Rhythmik von Aktivit\u00e4t und Ruhe (Chronobiologie), ma\u00dfvolles Tun und Essen und Anwendungen von Licht, Luft und Wasser, die Phytotherapie, Atemtherapie, Entspannungsverfahren, Darmreinigung und entgiftende Verfahren sowie St\u00f6rfeldbehandlung. <\/p>\n\n\n\n<p>Im Zusammenspiel mit der Mitochondrialen Medizin die das moderne Wissen der biochemischen Zusammenh\u00e4nge therapeutisch nutzt, wird dem K\u00f6rper alles geboten um wieder in eine gesunde Regulation &#8211; Voraussetzung f\u00fcr Heilung &#8211; zu gelangen.<\/p>\n\n\n\n<h2 class=\"wp-block-heading\">Akupunktur<\/h2>\n\n\n\n<h2 class=\"wp-block-heading\">Myoreflextherapie<\/h2>\n\n\n\n<h2 class=\"wp-block-heading\">Funktionelle Medizin<\/h2>\n\n\n\n<h2 class=\"wp-block-heading\">Bioidentische Hormontherapie &#8211; Rimkus Therapie<\/h2>\n\n\n\n<h2 class=\"wp-block-heading\">Intervall Hypoxie Training (IHT) &#8211; H\u00f6hentraining<\/h2>\n\n\n\n<h2 class=\"wp-block-heading\">Mitochondrienmedizin<\/h2>\n\n\n\n<h2 class=\"wp-block-heading\">Klangtherapie<\/h2>\n\n\n\n<h2 class=\"wp-block-heading\">Transpersonale Psychotherapie<\/h2>\n\n\n\n<p><\/p>\n","protected":false},"excerpt":{"rendered":"<p>Naturheilkundliche Verfahren in der Ganzheitlichen Medizin Zu naturheilkundlichen Verfahren, die zur Anwendung kommen z\u00e4hlen die Ern\u00e4hrungstherapie, Ordnungstherapie z.B. im Sinne der Rhythmik von Aktivit\u00e4t und Ruhe (Chronobiologie), ma\u00dfvolles Tun und Essen und Anwendungen von Licht, Luft und Wasser, die Phytotherapie, Atemtherapie, Entspannungsverfahren, Darmreinigung und entgiftende Verfahren sowie St\u00f6rfeldbehandlung. Im Zusammenspiel mit der Mitochondrialen Medizin die [&hellip;]<\/p>\n","protected":false},"author":1,"featured_media":0,"parent":0,"menu_order":0,"comment_status":"closed","ping_status":"closed","template":"full-width-page-template.php","meta":{"footnotes":""},"class_list":["post-25","page","type-page","status-publish","hentry"],"_links":{"self":[{"href":"https:\/\/medna.de\/index.php?rest_route=\/wp\/v2\/pages\/25","targetHints":{"allow":["GET"]}}],"collection":[{"href":"https:\/\/medna.de\/index.php?rest_route=\/wp\/v2\/pages"}],"about":[{"href":"https:\/\/medna.de\/index.php?rest_route=\/wp\/v2\/types\/page"}],"author":[{"embeddable":true,"href":"https:\/\/medna.de\/index.php?rest_route=\/wp\/v2\/users\/1"}],"replies":[{"embeddable":true,"href":"https:\/\/medna.de\/index.php?rest_route=%2Fwp%2Fv2%2Fcomments&post=25"}],"version-history":[{"count":19,"href":"https:\/\/medna.de\/index.php?rest_route=\/wp\/v2\/pages\/25\/revisions"}],"predecessor-version":[{"id":352,"href":"https:\/\/medna.de\/index.php?rest_route=\/wp\/v2\/pages\/25\/revisions\/352"}],"wp:attachment":[{"href":"https:\/\/medna.de\/index.php?rest_route=%2Fwp%2Fv2%2Fmedia&parent=25"}],"curies":[{"name":"wp","href":"https:\/\/api.w.org\/{rel}","templated":true}]}}