{"id":327,"date":"2025-10-23T18:33:52","date_gmt":"2025-10-23T18:33:52","guid":{"rendered":"https:\/\/medna.de\/?page_id=327"},"modified":"2025-11-20T14:45:33","modified_gmt":"2025-11-20T14:45:33","slug":"funktionelle-medizin","status":"publish","type":"page","link":"https:\/\/medna.de\/?page_id=327","title":{"rendered":"Funktionelle Medizin"},"content":{"rendered":"\n<p>Die Funktionelle Medizin ist ein Konzept das sich bei der Therapie und Pr\u00e4vention chronischer Erkrankungen bew\u00e4hrt hat. Es ist ein Konzept der Diagnostik, Pr\u00e4vention und Therapie, das auf wissenschaftlichen Erkenntnissen beruht. <\/p>\n\n\n\n<p>Untersucht werden mittels Laboranalysen die Darmfunktion bzw. &#8211; dysfunktion, Mikron\u00e4hrstoffversorgung, Stress- und Hormonstoffwechsel, Funktion des Immunsystems, sowie Mitochondriale Funktion, also die Funktion des Energiestoffwechsels unserer Zellen.<\/p>\n\n\n\n<p>Je nach Ergebnis kommen Therapien wie Ern\u00e4hrungsumstellungen, Darmsanierung, Mikron\u00e4hrstoffgabe\/ orthomolekulare Therapie, Unterst\u00fctzung des Immunsystems, Phytotherapie, Bioidentische Hormontherapie, Intervall Hypoxie Training oder auch H\u00f6hentraining genannt und Bewegung zum Einsatz.<\/p>\n\n\n\n<p><\/p>\n","protected":false},"excerpt":{"rendered":"<p>Die Funktionelle Medizin ist ein Konzept das sich bei der Therapie und Pr\u00e4vention chronischer Erkrankungen bew\u00e4hrt hat. Es ist ein Konzept der Diagnostik, Pr\u00e4vention und Therapie, das auf wissenschaftlichen Erkenntnissen beruht. Untersucht werden mittels Laboranalysen die Darmfunktion bzw. &#8211; dysfunktion, Mikron\u00e4hrstoffversorgung, Stress- und Hormonstoffwechsel, Funktion des Immunsystems, sowie Mitochondriale Funktion, also die Funktion des Energiestoffwechsels [&hellip;]<\/p>\n","protected":false},"author":1,"featured_media":0,"parent":0,"menu_order":0,"comment_status":"closed","ping_status":"closed","template":"","meta":{"footnotes":""},"class_list":["post-327","page","type-page","status-publish","hentry"],"_links":{"self":[{"href":"https:\/\/medna.de\/index.php?rest_route=\/wp\/v2\/pages\/327","targetHints":{"allow":["GET"]}}],"collection":[{"href":"https:\/\/medna.de\/index.php?rest_route=\/wp\/v2\/pages"}],"about":[{"href":"https:\/\/medna.de\/index.php?rest_route=\/wp\/v2\/types\/page"}],"author":[{"embeddable":true,"href":"https:\/\/medna.de\/index.php?rest_route=\/wp\/v2\/users\/1"}],"replies":[{"embeddable":true,"href":"https:\/\/medna.de\/index.php?rest_route=%2Fwp%2Fv2%2Fcomments&post=327"}],"version-history":[{"count":2,"href":"https:\/\/medna.de\/index.php?rest_route=\/wp\/v2\/pages\/327\/revisions"}],"predecessor-version":[{"id":349,"href":"https:\/\/medna.de\/index.php?rest_route=\/wp\/v2\/pages\/327\/revisions\/349"}],"wp:attachment":[{"href":"https:\/\/medna.de\/index.php?rest_route=%2Fwp%2Fv2%2Fmedia&parent=327"}],"curies":[{"name":"wp","href":"https:\/\/api.w.org\/{rel}","templated":true}]}}